{"id":42,"date":"2024-12-23T12:15:46","date_gmt":"2024-12-23T12:15:46","guid":{"rendered":"https:\/\/terapijazasve.com\/?page_id=42"},"modified":"2024-12-23T19:27:47","modified_gmt":"2024-12-23T19:27:47","slug":"zakazivanje","status":"publish","type":"page","link":"https:\/\/terapijazasve.com\/index.php\/zakazivanje\/","title":{"rendered":"Zakazivanje"},"content":{"rendered":"\n<p>Po\u0161tovane dame i gospodo, terapija se odvija preko skajpa (Skype)(osim u pojedinim slu\u010dajevima i ako je pacijent na teritoriji Beograda) i mo\u017eete da birate koju vrstu terapije \u017eelite:<\/p>\n\n\n\n<p>Puna terapija (bioenergetska+fizikalna+psihoterapija) traje oko 1 sat dnevno i obavlja se 5 dana za redom (od ponedeljka do petka) kada se dogovori vreme koje odgovara.<br>Bioenergetska terapija traje izmedju 20 minuta i 45 minuta \u0161to zavisi od oboljenja, stanja i tegoba. Obavlja se 5 dana za redom (od ponedeljka do petka) kada se dogovori vreme koje odgovara.<\/p>\n\n\n\n<p><br>Fizikalna+psihoterapija ili samo fizikalna ili samo psihoterapija se zakazuje pojedina\u010dno za svaki dan ili, po \u017eelji, vi\u0161e dana. Trajanje terapije je 1 sat.<br>Konsultacije su besplatne i mogu ih koristiti kako osobe sa tegobama ili dijagnozama, tako i njihovi bli\u017enji ili svi koji \u017eele da se raspitaju o terapiji pa da odlu\u010de da li \u0107e da je zaka\u017eu. Konsultacije mogu da koriste i svi budu\u0107i polaznici kursa. Trajanje konsultacija je oko 15 minuta i obavljaju se preko skajpa (Skype).<\/p>\n\n\n\n<p>Zakazivanje terapije i dogovaranje konsultacija oko termina se obavlja preko mejla (e-mail) <strong>draskonikolic@gmail.com<\/strong> ili preko fejsbuka (facebook) odnosno instagrama<\/p>\n\n\n\n<p><strong>Puna terapija: 150e<\/strong><\/p>\n\n\n\n<form class=\"superb-addons-hide-on-mobile\" action=\"https:\/\/www.paypal.com\/cgi-bin\/webscr\" method=\"post\" target=\"_top\">\n<input type=\"hidden\" name=\"cmd\" value=\"_s-xclick\" \/>\n<input type=\"hidden\" name=\"hosted_button_id\" value=\"DAMVE4YUFN4C8\" \/>\n<input type=\"hidden\" name=\"currency_code\" value=\"EUR\" \/>\n<input style=\"border:0px;\" type=\"image\" src=\"https:\/\/community.magento.com\/t5\/image\/serverpage\/image-id\/16789i30D5ED565E8EC84F\/image-size\/medium?v=v2&#038;px=999\" border=\"0\" name=\"submit\" title=\"PayPal - The safer, easier way to pay online!\" alt=\"Buy Now\" \/>\n<\/form>\n\n\n\n<form class=\"hide-item-on-desktop superb-addons-hide-on-tablet\" action=\"https:\/\/www.paypal.com\/cgi-bin\/webscr\" method=\"post\" target=\"_top\">\n<input type=\"hidden\" name=\"cmd\" value=\"_s-xclick\" \/>\n<input type=\"hidden\" name=\"hosted_button_id\" value=\"DAMVE4YUFN4C8\" \/>\n<input type=\"hidden\" name=\"currency_code\" value=\"EUR\" \/>\n<input style=\"border:0px;\" type=\"image\" src=\"https:\/\/community.magento.com\/t5\/image\/serverpage\/image-id\/16789i30D5ED565E8EC84F\/image-size\/small?v=v2&#038;px=999\" border=\"0\" name=\"submit\" title=\"PayPal - The safer, easier way to pay online!\" alt=\"Buy Now\" \/>\n<\/form>\n\n\n\n<p><strong>Bioenergetska terapija: 100e<\/strong><\/p>\n\n\n\n<form class=\"superb-addons-hide-on-mobile\" action=\"https:\/\/www.paypal.com\/cgi-bin\/webscr\" method=\"post\" target=\"_top\">\n<input type=\"hidden\" name=\"cmd\" value=\"_s-xclick\" \/>\n<input type=\"hidden\" name=\"hosted_button_id\" value=\"NZJPE7ZQVLEJN\" \/>\n<input type=\"hidden\" name=\"currency_code\" value=\"EUR\" \/>\n<input style=\"border:0px;\" type=\"image\" src=\"https:\/\/community.magento.com\/t5\/image\/serverpage\/image-id\/16789i30D5ED565E8EC84F\/image-size\/medium?v=v2&#038;px=999\" border=\"0\" name=\"submit\" title=\"PayPal - The safer, easier way to pay online!\" alt=\"Buy Now\" \/>\n<\/form>\n\n\n\n<form class=\"hide-item-on-desktop superb-addons-hide-on-tablet\" action=\"https:\/\/www.paypal.com\/cgi-bin\/webscr\" method=\"post\" target=\"_top\">\n<input type=\"hidden\" name=\"cmd\" value=\"_s-xclick\" \/>\n<input type=\"hidden\" name=\"hosted_button_id\" value=\"NZJPE7ZQVLEJN\" \/>\n<input type=\"hidden\" name=\"currency_code\" value=\"EUR\" \/>\n<input style=\"border:0px;\" type=\"image\" src=\"https:\/\/community.magento.com\/t5\/image\/serverpage\/image-id\/16789i30D5ED565E8EC84F\/image-size\/small?v=v2&#038;px=999\" border=\"0\" name=\"submit\" title=\"PayPal - The safer, easier way to pay online!\" alt=\"Buy Now\" \/>\n<\/form>\n\n\n\n<p><strong>Pojedinacna (fizikalna + psihoterapija): 30e<\/strong><\/p>\n\n\n\n<form class=\"superb-addons-hide-on-mobile\" action=\"https:\/\/www.paypal.com\/cgi-bin\/webscr\" method=\"post\" target=\"_top\">\n<input type=\"hidden\" name=\"cmd\" value=\"_s-xclick\" \/>\n<input type=\"hidden\" name=\"hosted_button_id\" value=\"RF9BSBPJCPPCA\" \/>\n<input type=\"hidden\" name=\"currency_code\" value=\"EUR\" \/>\n<input style=\"border:0px;\" type=\"image\" src=\"https:\/\/community.magento.com\/t5\/image\/serverpage\/image-id\/16789i30D5ED565E8EC84F\/image-size\/medium?v=v2&#038;px=999\" border=\"0\" name=\"submit\" title=\"PayPal - The safer, easier way to pay online!\" alt=\"Buy Now\" \/>\n<\/form>\n\n\n\n<form class=\"hide-item-on-desktop superb-addons-hide-on-tablet\" action=\"https:\/\/www.paypal.com\/cgi-bin\/webscr\" method=\"post\" target=\"_top\">\n<input type=\"hidden\" name=\"cmd\" value=\"_s-xclick\" \/>\n<input type=\"hidden\" name=\"hosted_button_id\" value=\"RF9BSBPJCPPCA\" \/>\n<input type=\"hidden\" name=\"currency_code\" value=\"EUR\" \/>\n<input style=\"border:0px;\" type=\"image\" src=\"https:\/\/community.magento.com\/t5\/image\/serverpage\/image-id\/16789i30D5ED565E8EC84F\/image-size\/small?v=v2&#038;px=999\" border=\"0\" name=\"submit\" title=\"PayPal - The safer, easier way to pay online!\" alt=\"Buy Now\" \/>\n<\/form>\n\n\n\n<p><strong>Kurs: 500e<\/strong><\/p>\n\n\n\n<form class=\"superb-addons-hide-on-mobile\" action=\"https:\/\/www.paypal.com\/cgi-bin\/webscr\" method=\"post\" target=\"_top\">\n<input type=\"hidden\" name=\"cmd\" value=\"_s-xclick\" \/>\n<input type=\"hidden\" name=\"hosted_button_id\" value=\"WG3PHN2Q5NVGJ\" \/>\n<input type=\"hidden\" name=\"currency_code\" value=\"EUR\" \/>\n<input style=\"border:0px;\" type=\"image\" src=\"https:\/\/community.magento.com\/t5\/image\/serverpage\/image-id\/16789i30D5ED565E8EC84F\/image-size\/medium?v=v2&#038;px=999\" border=\"0\" name=\"submit\" title=\"PayPal - The safer, easier way to pay online!\" alt=\"Buy Now\" \/>\n<\/form>\n\n\n\n<form class=\"hide-item-on-desktop superb-addons-hide-on-tablet\" action=\"https:\/\/www.paypal.com\/cgi-bin\/webscr\" method=\"post\" target=\"_top\">\n<input type=\"hidden\" name=\"cmd\" value=\"_s-xclick\" \/>\n<input type=\"hidden\" name=\"hosted_button_id\" value=\"WG3PHN2Q5NVGJ\" \/>\n<input type=\"hidden\" name=\"currency_code\" value=\"EUR\" \/>\n<input style=\"border:0px;\" type=\"image\" src=\"https:\/\/community.magento.com\/t5\/image\/serverpage\/image-id\/16789i30D5ED565E8EC84F\/image-size\/small?v=v2&#038;px=999\" border=\"0\" name=\"submit\" title=\"PayPal - The safer, easier way to pay online!\" alt=\"Buy Now\" \/>\n<\/form>\n","protected":false},"excerpt":{"rendered":"<p>Po\u0161tovane dame i gospodo, terapija se odvija preko skajpa (Skype)(osim u pojedinim slu\u010dajevima i ako je pacijent na teritoriji Beograda) i mo\u017eete da birate koju vrstu terapije \u017eelite: Puna terapija (bioenergetska+fizikalna+psihoterapija) traje oko 1 sat dnevno i obavlja se 5 dana za redom (od ponedeljka do petka) kada se dogovori vreme koje odgovara.Bioenergetska terapija traje [&hellip;]<\/p>\n","protected":false},"author":1,"featured_media":0,"parent":0,"menu_order":0,"comment_status":"closed","ping_status":"closed","template":"","meta":{"footnotes":""},"class_list":["post-42","page","type-page","status-publish","hentry"],"_links":{"self":[{"href":"https:\/\/terapijazasve.com\/index.php\/wp-json\/wp\/v2\/pages\/42","targetHints":{"allow":["GET"]}}],"collection":[{"href":"https:\/\/terapijazasve.com\/index.php\/wp-json\/wp\/v2\/pages"}],"about":[{"href":"https:\/\/terapijazasve.com\/index.php\/wp-json\/wp\/v2\/types\/page"}],"author":[{"embeddable":true,"href":"https:\/\/terapijazasve.com\/index.php\/wp-json\/wp\/v2\/users\/1"}],"replies":[{"embeddable":true,"href":"https:\/\/terapijazasve.com\/index.php\/wp-json\/wp\/v2\/comments?post=42"}],"version-history":[{"count":7,"href":"https:\/\/terapijazasve.com\/index.php\/wp-json\/wp\/v2\/pages\/42\/revisions"}],"predecessor-version":[{"id":85,"href":"https:\/\/terapijazasve.com\/index.php\/wp-json\/wp\/v2\/pages\/42\/revisions\/85"}],"wp:attachment":[{"href":"https:\/\/terapijazasve.com\/index.php\/wp-json\/wp\/v2\/media?parent=42"}],"curies":[{"name":"wp","href":"https:\/\/api.w.org\/{rel}","templated":true}]}}